CRAN Package Check Results for Package timechange

Last updated on 2022-12-02 10:51:40 CET.

Flavor Version Tinstall Tcheck Ttotal Status Flags
r-devel-linux-x86_64-debian-clang 0.1.1 35.96 30.84 66.80 OK
r-devel-linux-x86_64-debian-gcc 0.1.1 25.66 23.69 49.35 OK
r-devel-linux-x86_64-fedora-clang 0.1.1 112.57 OK
r-devel-linux-x86_64-fedora-gcc 0.1.1 95.76 OK
r-devel-windows-x86_64 0.1.1 12.00 7.00 19.00 ERROR
r-patched-linux-x86_64 0.1.1 30.02 28.34 58.36 OK
r-release-linux-x86_64 0.1.1 31.21 29.27 60.48 OK
r-release-macos-arm64 0.1.1 43.00 OK
r-release-macos-x86_64 0.1.1 38.00 OK
r-release-windows-x86_64 0.1.1 79.00 80.00 159.00 OK
r-oldrel-macos-arm64 0.1.1 47.00 OK
r-oldrel-macos-x86_64 0.1.1 43.00 OK
r-oldrel-windows-ix86+x86_64 0.1.1 100.00 83.00 183.00 OK

Check Details

Version: 0.1.1
Check: whether package can be installed
Result: ERROR
    Installation failed.
Flavor: r-devel-windows-x86_64