CRAN Package Check Results for Package timeR

Last updated on 2022-12-05 09:51:34 CET.

Flavor Version Tinstall Tcheck Ttotal Status Flags
r-devel-linux-x86_64-debian-clang 1.2.0 3.32 26.95 30.27 NOTE
r-devel-linux-x86_64-debian-gcc 1.2.0 2.11 21.33 23.44 NOTE
r-devel-linux-x86_64-fedora-clang 1.2.0 47.88 NOTE
r-devel-linux-x86_64-fedora-gcc 1.2.0 57.52 NOTE
r-devel-windows-x86_64 1.2.0 7.00 60.00 67.00 NOTE
r-patched-linux-x86_64 1.2.0 2.41 25.99 28.40 NOTE
r-release-linux-x86_64 1.2.0 2.03 25.65 27.68 NOTE
r-release-macos-arm64 1.2.0 23.00 NOTE
r-release-macos-x86_64 1.2.0 27.00 NOTE
r-release-windows-x86_64 1.2.0 19.00 61.00 80.00 NOTE
r-oldrel-macos-arm64 1.2.0 25.00 NOTE
r-oldrel-macos-x86_64 1.2.0 32.00 NOTE
r-oldrel-windows-ix86+x86_64 1.2.0 6.00 57.00 63.00 NOTE

Check Details

Version: 1.2.0
Check: package subdirectories
Result: NOTE
    Problems with news in 'NEWS.md':
    No news entries found.
Flavors: r-devel-linux-x86_64-debian-clang, r-devel-linux-x86_64-debian-gcc, r-devel-linux-x86_64-fedora-clang, r-devel-linux-x86_64-fedora-gcc, r-devel-windows-x86_64

Version: 1.2.0
Check: LazyData
Result: NOTE
     'LazyData' is specified without a 'data' directory
Flavors: r-devel-linux-x86_64-debian-clang, r-devel-linux-x86_64-debian-gcc, r-devel-linux-x86_64-fedora-clang, r-devel-linux-x86_64-fedora-gcc, r-devel-windows-x86_64, r-patched-linux-x86_64, r-release-linux-x86_64, r-release-macos-arm64, r-release-macos-x86_64, r-release-windows-x86_64, r-oldrel-macos-arm64, r-oldrel-macos-x86_64, r-oldrel-windows-ix86+x86_64

Version: 1.2.0
Check: dependencies in R code
Result: NOTE
    Namespace in Imports field not imported from: ‘lubridate’
     All declared Imports should be used.
Flavors: r-devel-linux-x86_64-fedora-clang, r-devel-linux-x86_64-fedora-gcc, r-release-macos-arm64, r-release-macos-x86_64, r-oldrel-macos-arm64, r-oldrel-macos-x86_64