CRAN Package Check Results for Package tilemaps

Last updated on 2022-01-22 09:54:20 CET.

Flavor Version Tinstall Tcheck Ttotal Status Flags
r-devel-linux-x86_64-debian-clang 0.2.0 3.22 191.71 194.93 OK
r-devel-linux-x86_64-debian-gcc 0.2.0 2.46 132.51 134.97 OK
r-devel-linux-x86_64-fedora-clang 0.2.0 249.30 NOTE
r-devel-linux-x86_64-fedora-gcc 0.2.0 242.66 NOTE
r-devel-windows-x86_64-new-UL 0.2.0 25.00 228.00 253.00 OK
r-devel-windows-x86_64-new-TK 0.2.0 NOTE
r-patched-linux-x86_64 0.2.0 2.74 171.60 174.34 OK
r-release-linux-x86_64 0.2.0 3.06 169.77 172.83 OK
r-release-macos-arm64 0.2.0 NOTE
r-release-macos-x86_64 0.2.0 NOTE
r-release-windows-ix86+x86_64 0.2.0 8.00 245.00 253.00 OK
r-oldrel-macos-x86_64 0.2.0 NOTE
r-oldrel-windows-ix86+x86_64 0.2.0 7.00 248.00 255.00 OK

Check Details

Version: 0.2.0
Check: dependencies in R code
Result: NOTE
    Namespace in Imports field not imported from: ‘lwgeom’
     All declared Imports should be used.
Flavors: r-devel-linux-x86_64-fedora-clang, r-devel-linux-x86_64-fedora-gcc, r-devel-windows-x86_64-new-TK, r-release-macos-arm64, r-release-macos-x86_64, r-oldrel-macos-x86_64