CRAN Package Check Results for Package tidyxl

Last updated on 2022-12-01 09:55:22 CET.

Flavor Version Tinstall Tcheck Ttotal Status Flags
r-devel-linux-x86_64-debian-clang 1.0.8 184.85 61.20 246.05 OK
r-devel-linux-x86_64-debian-gcc 1.0.8 134.69 47.09 181.78 OK
r-devel-linux-x86_64-fedora-clang 1.0.8 382.54 OK
r-devel-linux-x86_64-fedora-gcc 1.0.8 328.65 OK
r-devel-windows-x86_64 1.0.8 166.00 118.00 284.00 OK
r-patched-linux-x86_64 1.0.8 155.46 58.09 213.55 OK
r-release-linux-x86_64 1.0.8 148.62 54.27 202.89 OK
r-release-macos-arm64 1.0.8 83.00 NOTE
r-release-macos-x86_64 1.0.8 110.00 NOTE
r-release-windows-x86_64 1.0.8 168.00 121.00 289.00 OK
r-oldrel-macos-arm64 1.0.8 81.00 NOTE
r-oldrel-macos-x86_64 1.0.8 123.00 NOTE
r-oldrel-windows-ix86+x86_64 1.0.8 443.00 124.00 567.00 OK

Check Details

Version: 1.0.8
Check: installed package size
Result: NOTE
     installed size is 9.8Mb
     sub-directories of 1Mb or more:
     libs 8.8Mb
Flavors: r-release-macos-arm64, r-release-macos-x86_64, r-oldrel-macos-arm64, r-oldrel-macos-x86_64