Last updated on 2022-05-27 10:54:00 CEST.
Flavor | Version | Tinstall | Tcheck | Ttotal | Status | Flags |
---|---|---|---|---|---|---|
r-devel-linux-x86_64-debian-clang | 0.2.2 | 10.45 | 127.20 | 137.65 | OK | |
r-devel-linux-x86_64-debian-gcc | 0.2.2 | 8.40 | 92.69 | 101.09 | OK | |
r-devel-linux-x86_64-fedora-clang | 0.2.2 | 166.57 | OK | |||
r-devel-linux-x86_64-fedora-gcc | 0.2.2 | 147.89 | OK | |||
r-devel-windows-x86_64 | 0.2.2 | 58.00 | 223.00 | 281.00 | OK | |
r-patched-linux-x86_64 | 0.2.2 | 9.14 | 117.19 | 126.33 | OK | |
r-release-linux-x86_64 | 0.2.2 | 9.94 | 116.49 | 126.43 | OK | |
r-release-macos-arm64 | 0.2.2 | 45.00 | OK | |||
r-release-macos-x86_64 | 0.2.2 | 252.00 | NOTE | |||
r-release-windows-x86_64 | 0.2.2 | 78.00 | 208.00 | 286.00 | OK | |
r-oldrel-macos-arm64 | 0.2.2 | 41.00 | OK | |||
r-oldrel-macos-x86_64 | 0.2.2 | 66.00 | OK | |||
r-oldrel-windows-ix86+x86_64 | 0.2.2 | 29.00 | 198.00 | 227.00 | OK |
Version: 0.2.2
Check: package dependencies
Result: NOTE
Package which this enhances but not available for checking: ‘bartMachine’
Flavor: r-release-macos-x86_64