CRAN Package Check Results for Package tidyhydat

Last updated on 2022-12-08 10:53:34 CET.

Flavor Version Tinstall Tcheck Ttotal Status Flags
r-devel-linux-x86_64-debian-clang 0.5.8 10.22 228.10 238.32 OK
r-devel-linux-x86_64-debian-gcc 0.5.8 6.99 169.94 176.93 OK
r-devel-linux-x86_64-fedora-clang 0.5.8 295.55 NOTE
r-devel-linux-x86_64-fedora-gcc 0.5.8 289.98 NOTE
r-devel-windows-x86_64 0.5.8 53.00 285.00 338.00 OK
r-patched-linux-x86_64 0.5.8 10.05 204.29 214.34 OK
r-release-linux-x86_64 0.5.8 8.97 206.38 215.35 OK
r-release-macos-arm64 0.5.8 94.00 NOTE
r-release-macos-x86_64 0.5.8 122.00 NOTE
r-release-windows-x86_64 0.5.8 59.00 260.00 319.00 OK
r-oldrel-macos-arm64 0.5.8 94.00 NOTE
r-oldrel-macos-x86_64 0.5.8 128.00 NOTE
r-oldrel-windows-ix86+x86_64 0.5.8 20.00 267.00 287.00 OK

Check Details

Version: 0.5.8
Check: data for non-ASCII characters
Result: NOTE
     Note: found 122 marked UTF-8 strings
Flavors: r-devel-linux-x86_64-fedora-clang, r-devel-linux-x86_64-fedora-gcc, r-release-macos-arm64, r-release-macos-x86_64, r-oldrel-macos-arm64, r-oldrel-macos-x86_64