CRAN Package Check Results for Package tidyfst

Last updated on 2022-11-27 09:53:42 CET.

Flavor Version Tinstall Tcheck Ttotal Status Flags
r-devel-linux-x86_64-debian-clang 1.7.5 6.47 126.43 132.90 OK
r-devel-linux-x86_64-debian-gcc 1.7.5 4.45 92.04 96.49 OK
r-devel-linux-x86_64-fedora-clang 1.7.5 163.46 NOTE
r-devel-linux-x86_64-fedora-gcc 1.7.5 153.33 OK
r-devel-windows-x86_64 1.7.5 45.00 162.00 207.00 OK
r-patched-linux-x86_64 1.7.5 8.82 110.42 119.24 OK
r-release-linux-x86_64 1.7.5 4.52 100.43 104.95 OK
r-release-macos-arm64 1.7.5 48.00 OK
r-release-macos-x86_64 1.7.5 61.00 OK
r-release-windows-x86_64 1.7.5 55.00 164.00 219.00 OK
r-oldrel-macos-arm64 1.7.5 52.00 OK
r-oldrel-macos-x86_64 1.7.5 69.00 OK
r-oldrel-windows-ix86+x86_64 1.7.5 14.00 155.00 169.00 OK

Check Details

Version: 1.7.5
Check: Rd cross-references
Result: NOTE
    Undeclared packages ‘fastDummies’, ‘widyr’, ‘pacman’, ‘sjmisc’ in Rd xrefs
Flavor: r-devel-linux-x86_64-fedora-clang