CRAN Package Check Results for Package tidycat

Last updated on 2022-11-29 09:52:28 CET.

Flavor Version Tinstall Tcheck Ttotal Status Flags
r-devel-linux-x86_64-debian-clang 0.1.2 2.33 44.11 46.44 OK
r-devel-linux-x86_64-debian-gcc 0.1.2 1.66 33.14 34.80 OK
r-devel-linux-x86_64-fedora-clang 0.1.2 65.88 NOTE
r-devel-linux-x86_64-fedora-gcc 0.1.2 64.33 NOTE
r-devel-windows-x86_64 0.1.2 11.00 74.00 85.00 OK
r-patched-linux-x86_64 0.1.2 2.35 41.51 43.86 OK
r-release-linux-x86_64 0.1.2 1.89 42.52 44.41 OK
r-release-macos-arm64 0.1.2 24.00 NOTE
r-release-macos-x86_64 0.1.2 43.00 NOTE
r-release-windows-x86_64 0.1.2 14.00 78.00 92.00 OK
r-oldrel-macos-arm64 0.1.2 38.00 NOTE
r-oldrel-macos-x86_64 0.1.2 33.00 NOTE
r-oldrel-windows-ix86+x86_64 0.1.2 7.00 62.00 69.00 OK

Check Details

Version: 0.1.2
Check: dependencies in R code
Result: NOTE
    Namespace in Imports field not imported from: ‘tidyr’
     All declared Imports should be used.
Flavors: r-devel-linux-x86_64-fedora-clang, r-devel-linux-x86_64-fedora-gcc, r-release-macos-arm64, r-release-macos-x86_64, r-oldrel-macos-arm64, r-oldrel-macos-x86_64