CRAN Package Check Results for Package textrecipes

Last updated on 2022-10-07 10:53:23 CEST.

Flavor Version Tinstall Tcheck Ttotal Status Flags
r-devel-linux-x86_64-debian-clang 1.0.0 33.04 225.01 258.05 OK
r-devel-linux-x86_64-debian-gcc 1.0.1 26.37 167.45 193.82 OK
r-devel-linux-x86_64-fedora-clang 1.0.1 337.37 NOTE
r-devel-linux-x86_64-fedora-gcc 1.0.0 326.36 NOTE
r-devel-windows-x86_64 1.0.1 93.00 210.00 303.00 OK
r-patched-linux-x86_64 1.0.0 32.94 208.31 241.25 OK
r-release-linux-x86_64 1.0.0 22.96 202.70 225.66 OK
r-release-macos-arm64 1.0.0 84.00 NOTE
r-release-macos-x86_64 1.0.0 112.00 NOTE
r-release-windows-x86_64 1.0.0 140.00 271.00 411.00 OK
r-oldrel-macos-arm64 1.0.0 88.00 NOTE
r-oldrel-macos-x86_64 1.0.0 118.00 NOTE
r-oldrel-windows-ix86+x86_64 1.0.0 78.00 384.00 462.00 OK

Check Details

Version: 1.0.1
Check: data for non-ASCII characters
Result: NOTE
     Note: found 4 marked UTF-8 strings
Flavor: r-devel-linux-x86_64-fedora-clang

Version: 1.0.0
Check: data for non-ASCII characters
Result: NOTE
     Note: found 4 marked UTF-8 strings
Flavors: r-devel-linux-x86_64-fedora-gcc, r-release-macos-arm64, r-release-macos-x86_64, r-oldrel-macos-arm64, r-oldrel-macos-x86_64