CRAN Package Check Results for Package textmineR

Last updated on 2022-09-30 10:54:05 CEST.

Flavor Version Tinstall Tcheck Ttotal Status Flags
r-devel-linux-x86_64-debian-clang 3.0.5 106.52 390.01 496.53 OK
r-devel-linux-x86_64-debian-gcc 3.0.5 87.44 292.26 379.70 OK
r-devel-linux-x86_64-fedora-clang 3.0.5 688.03 NOTE
r-devel-linux-x86_64-fedora-gcc 3.0.5 675.31 OK
r-devel-windows-x86_64 3.0.5 119.00 536.00 655.00 OK
r-patched-linux-x86_64 3.0.5 88.83 389.96 478.79 OK
r-release-linux-x86_64 3.0.5 90.89 383.96 474.85 OK
r-release-macos-arm64 3.0.5 180.00 NOTE
r-release-macos-x86_64 3.0.5 221.00 NOTE
r-release-windows-x86_64 3.0.5 115.00 535.00 650.00 OK
r-oldrel-macos-arm64 3.0.5 216.00 NOTE
r-oldrel-macos-x86_64 3.0.5 213.00 NOTE
r-oldrel-windows-ix86+x86_64 3.0.5 262.00 668.00 930.00 OK

Check Details

Version: 3.0.5
Check: Rd cross-references
Result: NOTE
    Undeclared package ‘tm’ in Rd xrefs
Flavor: r-devel-linux-x86_64-fedora-clang

Version: 3.0.5
Check: installed package size
Result: NOTE
     installed size is 5.4Mb
     sub-directories of 1Mb or more:
     libs 3.5Mb
Flavors: r-release-macos-arm64, r-release-macos-x86_64, r-oldrel-macos-arm64, r-oldrel-macos-x86_64