CRAN Package Check Results for Package taxotools

Last updated on 2022-01-18 10:17:31 CET.

Flavor Version Tinstall Tcheck Ttotal Status Flags
r-devel-linux-x86_64-debian-clang 0.0.79 8.02 70.77 78.79 NOTE
r-devel-linux-x86_64-debian-gcc 0.0.79 7.43 53.89 61.32 NOTE
r-devel-linux-x86_64-fedora-clang 0.0.79 97.17 NOTE
r-devel-linux-x86_64-fedora-gcc 0.0.79 83.84 NOTE
r-devel-windows-x86_64-new-UL 0.0.79 58.00 92.00 150.00 NOTE
r-devel-windows-x86_64-new-TK 0.0.79 NOTE
r-patched-linux-x86_64 0.0.79 14.89 68.80 83.69 NOTE
r-release-linux-x86_64 0.0.79 NOTE
r-release-macos-arm64 0.0.79 NOTE
r-release-macos-x86_64 0.0.79 NOTE
r-release-windows-ix86+x86_64 0.0.79 20.00 87.00 107.00 NOTE
r-oldrel-macos-x86_64 0.0.79 OK
r-oldrel-windows-ix86+x86_64 0.0.79 21.00 86.00 107.00 OK

Check Details

Version: 0.0.79
Check: LazyData
Result: NOTE
     'LazyData' is specified without a 'data' directory
Flavors: r-devel-linux-x86_64-debian-clang, r-devel-linux-x86_64-debian-gcc, r-devel-linux-x86_64-fedora-clang, r-devel-linux-x86_64-fedora-gcc, r-devel-windows-x86_64-new-UL, r-devel-windows-x86_64-new-TK, r-patched-linux-x86_64, r-release-linux-x86_64, r-release-macos-arm64, r-release-macos-x86_64, r-release-windows-ix86+x86_64