CRAN Package Check Results for Package tabularmaps

Last updated on 2022-11-28 09:50:59 CET.

Flavor Version Tinstall Tcheck Ttotal Status Flags
r-devel-linux-x86_64-debian-clang 0.1.0 6.53 66.67 73.20 OK
r-devel-linux-x86_64-debian-gcc 0.1.0 4.98 49.90 54.88 OK
r-devel-linux-x86_64-fedora-clang 0.1.0 97.75 NOTE
r-devel-linux-x86_64-fedora-gcc 0.1.0 95.41 NOTE
r-devel-windows-x86_64 0.1.0 12.00 95.00 107.00 OK
r-patched-linux-x86_64 0.1.0 4.75 62.08 66.83 OK
r-release-linux-x86_64 0.1.0 3.90 63.30 67.20 OK
r-release-macos-arm64 0.1.0 29.00 NOTE
r-release-macos-x86_64 0.1.0 49.00 NOTE
r-release-windows-x86_64 0.1.0 11.00 99.00 110.00 OK
r-oldrel-macos-arm64 0.1.0 28.00 NOTE
r-oldrel-macos-x86_64 0.1.0 52.00 NOTE
r-oldrel-windows-ix86+x86_64 0.1.0 19.00 93.00 112.00 OK

Check Details

Version: 0.1.0
Check: data for non-ASCII characters
Result: NOTE
     Note: found 81 marked UTF-8 strings
Flavors: r-devel-linux-x86_64-fedora-clang, r-devel-linux-x86_64-fedora-gcc, r-release-macos-arm64, r-release-macos-x86_64, r-oldrel-macos-arm64, r-oldrel-macos-x86_64