CRAN Package Check Results for Package synoptReg

Last updated on 2022-11-29 09:52:28 CET.

Flavor Version Tinstall Tcheck Ttotal Status Flags
r-devel-linux-x86_64-debian-clang 1.2.1 18.62 182.11 200.73 OK
r-devel-linux-x86_64-debian-gcc 1.2.1 15.78 132.76 148.54 OK
r-devel-linux-x86_64-fedora-clang 1.2.1 264.93 NOTE
r-devel-linux-x86_64-fedora-gcc 1.2.1 246.74 NOTE
r-devel-windows-x86_64 1.2.1 24.00 187.00 211.00 OK
r-patched-linux-x86_64 1.2.1 21.74 189.07 210.81 OK
r-release-linux-x86_64 1.2.1 17.29 189.33 206.62 OK
r-release-macos-arm64 1.2.1 115.00 NOTE
r-release-macos-x86_64 1.2.1 205.00 NOTE
r-release-windows-x86_64 1.2.1 37.00 185.00 222.00 OK
r-oldrel-macos-arm64 1.2.1 111.00 NOTE
r-oldrel-macos-x86_64 1.2.1 142.00 NOTE
r-oldrel-windows-ix86+x86_64 1.2.1 34.00 195.00 229.00 OK

Check Details

Version: 1.2.1
Check: package dependencies
Result: NOTE
    Suggests orphaned package: ‘udunits2’
Flavors: r-devel-linux-x86_64-fedora-clang, r-devel-linux-x86_64-fedora-gcc

Version: 1.2.1
Check: installed package size
Result: NOTE
     installed size is 5.0Mb
     sub-directories of 1Mb or more:
     data 1.5Mb
     extdata 3.4Mb
Flavors: r-devel-linux-x86_64-fedora-clang, r-release-macos-arm64, r-release-macos-x86_64, r-oldrel-macos-arm64, r-oldrel-macos-x86_64

Version: 1.2.1
Check: dependencies in R code
Result: NOTE
    Namespace in Imports field not imported from: ‘metR’
     All declared Imports should be used.
Flavors: r-devel-linux-x86_64-fedora-clang, r-devel-linux-x86_64-fedora-gcc, r-release-macos-arm64, r-release-macos-x86_64, r-oldrel-macos-arm64, r-oldrel-macos-x86_64

Version: 1.2.1
Check: package dependencies
Result: NOTE
    Package suggested but not available for checking: ‘udunits2’
Flavors: r-oldrel-macos-arm64, r-oldrel-macos-x86_64