CRAN Package Check Results for Package symbolicDA

Last updated on 2022-01-24 10:52:14 CET.

Flavor Version Tinstall Tcheck Ttotal Status Flags
r-devel-linux-x86_64-debian-clang 0.6-2 19.81 559.33 579.14 OK
r-devel-linux-x86_64-debian-gcc 0.6-2 18.14 386.42 404.56 OK
r-devel-linux-x86_64-fedora-clang 0.6-2 701.67 OK
r-devel-linux-x86_64-fedora-gcc 0.6-2 647.89 OK
r-devel-windows-x86_64-new-UL 0.6-2 114.00 110.00 224.00 OK --no-examples --no-tests --no-vignettes
r-devel-windows-x86_64-new-TK 0.6-2 ERROR
r-patched-linux-x86_64 0.6-2 22.78 525.81 548.59 OK
r-release-linux-x86_64 0.6-2 19.96 525.17 545.13 OK
r-release-macos-arm64 0.6-2 OK
r-release-macos-x86_64 0.6-2 OK
r-release-windows-ix86+x86_64 0.6-2 49.00 167.00 216.00 OK --no-examples --no-tests --no-vignettes
r-oldrel-macos-x86_64 0.6-2 OK
r-oldrel-windows-ix86+x86_64 0.6-2 50.00 174.00 224.00 OK --no-examples --no-tests --no-vignettes

Check Details

Version: 0.6-2
Check: package dependencies
Result: ERROR
    Package required but not available: 'RSDA'
    
    See section 'The DESCRIPTION file' in the 'Writing R Extensions'
    manual.
Flavor: r-devel-windows-x86_64-new-TK