CRAN Package Check Results for Package swfscMisc

Last updated on 2022-01-22 09:54:20 CET.

Flavor Version Tinstall Tcheck Ttotal Status Flags
r-devel-linux-x86_64-debian-clang 1.5 3.98 55.23 59.21 OK
r-devel-linux-x86_64-debian-gcc 1.5 3.44 42.54 45.98 OK
r-devel-linux-x86_64-fedora-clang 1.5 72.48 NOTE
r-devel-linux-x86_64-fedora-gcc 1.5 61.21 NOTE
r-devel-windows-x86_64-new-UL 1.5 46.00 82.00 128.00 OK
r-devel-windows-x86_64-new-TK 1.5 NOTE
r-patched-linux-x86_64 1.5 4.61 52.30 56.91 OK
r-release-linux-x86_64 1.5 4.10 53.13 57.23 OK
r-release-macos-arm64 1.5 NOTE
r-release-macos-x86_64 1.5 NOTE
r-release-windows-ix86+x86_64 1.5 9.00 71.00 80.00 OK
r-oldrel-macos-x86_64 1.5 NOTE
r-oldrel-windows-ix86+x86_64 1.5 9.00 71.00 80.00 OK

Check Details

Version: 1.5
Check: dependencies in R code
Result: NOTE
    Namespaces in Imports field not imported from:
     ‘mapdata’ ‘utils’
     All declared Imports should be used.
Flavors: r-devel-linux-x86_64-fedora-clang, r-devel-linux-x86_64-fedora-gcc, r-devel-windows-x86_64-new-TK, r-release-macos-arm64, r-release-macos-x86_64, r-oldrel-macos-x86_64