CRAN Package Check Results for Package swa

Last updated on 2022-11-26 10:00:55 CET.

Flavor Version Tinstall Tcheck Ttotal Status Flags
r-devel-linux-x86_64-debian-clang 0.8.1 5.79 63.51 69.30 NOTE
r-devel-linux-x86_64-debian-gcc 0.8.1 4.56 46.78 51.34 NOTE
r-devel-linux-x86_64-fedora-clang 0.8.1 97.05 NOTE
r-devel-linux-x86_64-fedora-gcc 0.8.1 91.69 NOTE
r-devel-windows-x86_64 0.8.1 10.00 95.00 105.00 NOTE
r-patched-linux-x86_64 0.8.1 NOTE
r-release-linux-x86_64 0.8.1 6.11 59.85 65.96 NOTE
r-release-macos-arm64 0.8.1 28.00 NOTE
r-release-macos-x86_64 0.8.1 51.00 NOTE
r-release-windows-x86_64 0.8.1 12.00 99.00 111.00 NOTE
r-oldrel-macos-arm64 0.8.1 34.00 NOTE
r-oldrel-macos-x86_64 0.8.1 48.00 NOTE
r-oldrel-windows-ix86+x86_64 0.8.1 16.00 83.00 99.00 NOTE

Check Details

Version: 0.8.1
Check: LazyData
Result: NOTE
     'LazyData' is specified without a 'data' directory
Flavors: r-devel-linux-x86_64-debian-clang, r-devel-linux-x86_64-debian-gcc, r-devel-linux-x86_64-fedora-clang, r-devel-linux-x86_64-fedora-gcc, r-devel-windows-x86_64, r-patched-linux-x86_64, r-release-linux-x86_64, r-release-macos-arm64, r-release-macos-x86_64, r-release-windows-x86_64, r-oldrel-macos-arm64, r-oldrel-macos-x86_64, r-oldrel-windows-ix86+x86_64