CRAN Package Check Results for Package svars

Last updated on 2022-06-27 09:50:27 CEST.

Flavor Version Tinstall Tcheck Ttotal Status Flags
r-devel-linux-x86_64-debian-clang 1.3.9 148.64 236.88 385.52 WARN
r-devel-linux-x86_64-debian-gcc 1.3.9 126.30 167.68 293.98 OK
r-devel-linux-x86_64-fedora-clang 1.3.9 536.76 WARN
r-devel-linux-x86_64-fedora-gcc 1.3.9 501.11 OK
r-devel-windows-x86_64 1.3.9 128.00 287.00 415.00 OK
r-patched-linux-x86_64 1.3.9 148.92 226.88 375.80 OK
r-release-linux-x86_64 1.3.9 131.54 220.28 351.82 OK
r-release-macos-arm64 1.3.9 115.00 NOTE
r-release-macos-x86_64 1.3.9 232.00 NOTE
r-release-windows-x86_64 1.3.9 130.00 280.00 410.00 OK
r-oldrel-macos-arm64 1.3.9 109.00 NOTE
r-oldrel-macos-x86_64 1.3.9 154.00 NOTE
r-oldrel-windows-ix86+x86_64 1.3.9 364.00 378.00 742.00 OK

Additional issues

clang14

Check Details

Version: 1.3.9
Check: whether package can be installed
Result: WARN
    Found the following significant warnings:
     ChangesInVolatility.cpp:47:7: warning: use of bitwise '|' with boolean operands [-Wbitwise-instead-of-logical]
Flavors: r-devel-linux-x86_64-debian-clang, r-devel-linux-x86_64-fedora-clang

Version: 1.3.9
Check: installed package size
Result: NOTE
     installed size is 7.1Mb
     sub-directories of 1Mb or more:
     help 1.1Mb
     libs 5.3Mb
Flavors: r-devel-linux-x86_64-fedora-clang, r-release-macos-arm64, r-release-macos-x86_64, r-oldrel-macos-arm64, r-oldrel-macos-x86_64