Last updated on 2023-03-31 10:51:32 CEST.
Flavor | Version | Tinstall | Tcheck | Ttotal | Status | Flags |
---|---|---|---|---|---|---|
r-devel-linux-x86_64-debian-clang | 1.0.3.1 | 2.57 | 22.56 | 25.13 | OK | |
r-devel-linux-x86_64-debian-gcc | 1.0.3.1 | 2.12 | 17.92 | 20.04 | OK | |
r-devel-linux-x86_64-fedora-clang | 1.0.3.1 | 35.27 | NOTE | |||
r-devel-linux-x86_64-fedora-gcc | 1.0.3.1 | 31.33 | NOTE | |||
r-patched-linux-x86_64 | 1.0.3.1 | 2.81 | 21.89 | 24.70 | OK | |
r-release-linux-x86_64 | 1.0.3.1 | 2.22 | 23.95 | 26.17 | OK | |
r-release-macos-arm64 | 1.0.3.1 | 16.00 | OK | |||
r-release-macos-x86_64 | 1.0.3.1 | 23.00 | OK | |||
r-release-windows-x86_64 | 1.0.3.1 | 19.00 | 46.00 | 65.00 | OK | |
r-oldrel-macos-arm64 | 1.0.3.1 | 20.00 | OK | |||
r-oldrel-macos-x86_64 | 1.0.3.1 | 30.00 | OK | |||
r-oldrel-windows-ix86+x86_64 | 1.0.3.1 | 7.00 | 50.00 | 57.00 | OK |
Version: 1.0.3.1
Check: compiled code
Result: NOTE
File ‘survivalROC/libs/survivalROC.so’:
Found no calls to: ‘R_registerRoutines’, ‘R_useDynamicSymbols’
It is good practice to register native routines and to disable symbol
search.
See ‘Writing portable packages’ in the ‘Writing R Extensions’ manual.
Flavors: r-devel-linux-x86_64-fedora-clang, r-devel-linux-x86_64-fedora-gcc