CRAN Package Check Results for Package survidm

Last updated on 2022-11-28 09:50:58 CET.

Flavor Version Tinstall Tcheck Ttotal Status Flags
r-devel-linux-x86_64-debian-clang 1.3.2 25.91 178.65 204.56 OK
r-devel-linux-x86_64-debian-gcc 1.3.2 19.29 129.16 148.45 OK
r-devel-linux-x86_64-fedora-clang 1.3.2 257.61 OK
r-devel-linux-x86_64-fedora-gcc 1.3.2 250.98 OK
r-devel-windows-x86_64 1.3.2 29.00 191.00 220.00 OK
r-patched-linux-x86_64 1.3.2 23.72 166.53 190.25 OK
r-release-linux-x86_64 1.3.2 23.86 169.26 193.12 OK
r-release-macos-arm64 1.3.2 69.00 OK
r-release-macos-x86_64 1.3.2 104.00 OK
r-release-windows-x86_64 1.3.2 43.00 200.00 243.00 OK
r-oldrel-macos-arm64 1.3.2 66.00 OK
r-oldrel-macos-x86_64 1.3.2 79.00 OK
r-oldrel-windows-ix86+x86_64 1.3.2 16.00 19.00 35.00 ERROR

Check Details

Version: 1.3.2
Check: whether package can be installed
Result: ERROR
    Installation failed.
Flavor: r-oldrel-windows-ix86+x86_64