Last updated on 2023-02-01 10:52:02 CET.
Flavor | Version | Tinstall | Tcheck | Ttotal | Status | Flags |
---|---|---|---|---|---|---|
r-devel-linux-x86_64-debian-clang | 0.5.6 | 53.15 | 80.77 | 133.92 | NOTE | |
r-devel-linux-x86_64-debian-gcc | 0.5.6 | 48.61 | 61.99 | 110.60 | NOTE | |
r-devel-linux-x86_64-fedora-clang | 0.5.6 | 181.29 | NOTE | |||
r-devel-linux-x86_64-fedora-gcc | 0.5.6 | 196.98 | NOTE | |||
r-devel-windows-x86_64 | 0.5.6 | 66.00 | 138.00 | 204.00 | NOTE | |
r-patched-linux-x86_64 | 0.5.6 | 59.51 | 74.02 | 133.53 | OK | |
r-release-linux-x86_64 | 0.5.6 | 57.55 | 69.78 | 127.33 | OK | |
r-release-macos-arm64 | 0.5.6 | 54.00 | OK | |||
r-release-macos-x86_64 | 0.5.6 | 65.00 | OK | |||
r-release-windows-x86_64 | 0.5.6 | 66.00 | 139.00 | 205.00 | OK | |
r-oldrel-macos-arm64 | 0.5.6 | 57.00 | OK | |||
r-oldrel-macos-x86_64 | 0.5.6 | 75.00 | OK | |||
r-oldrel-windows-ix86+x86_64 | 0.5.6 | 129.00 | 142.00 | 271.00 | ERROR |
Version: 0.5.6
Check: C++ specification
Result: NOTE
Specified C++11: please update to current default of C++17
Flavors: r-devel-linux-x86_64-debian-clang, r-devel-linux-x86_64-debian-gcc, r-devel-linux-x86_64-fedora-clang, r-devel-linux-x86_64-fedora-gcc, r-devel-windows-x86_64
Version: 0.5.6
Check: running examples for arch ‘i386’
Result: ERROR
Running examples in 'superml-Ex.R' failed
The error most likely occurred in:
> ### Name: sort_index
> ### Title: sort_index
> ### Aliases: sort_index
>
> ### ** Examples
>
> v <- c(10,3,1,4)
> j <- sort_index(v)
>
>
>
>
> ### * <FOOTER>
> ###
> cleanEx()
> options(digits = 7L)
> base::cat("Time elapsed: ", proc.time() - base::get("ptime", pos = 'CheckExEnv'),"\n")
Time elapsed: 9.44 1.03 9.78 NA NA
> grDevices::dev.off()
null device
1
> ###
> ### Local variables: ***
> ### mode: outline-minor ***
> ### outline-regexp: "\\(> \\)?### [*]+" ***
> ### End: ***
> quit('no')
Flavor: r-oldrel-windows-ix86+x86_64