CRAN Package Check Results for Package sugarbag

Last updated on 2022-01-20 10:52:43 CET.

Flavor Version Tinstall Tcheck Ttotal Status Flags
r-devel-linux-x86_64-debian-clang 0.1.3 OK
r-devel-linux-x86_64-debian-gcc 0.1.3 6.17 94.94 101.11 OK
r-devel-linux-x86_64-fedora-clang 0.1.3 156.68 NOTE
r-devel-linux-x86_64-fedora-gcc 0.1.3 144.11 NOTE
r-devel-windows-x86_64-new-UL 0.1.3 36.00 151.00 187.00 OK
r-devel-windows-x86_64-new-TK 0.1.3 NOTE
r-patched-linux-x86_64 0.1.3 5.67 116.69 122.36 OK
r-release-linux-x86_64 0.1.3 5.04 116.83 121.87 OK
r-release-macos-arm64 0.1.3 NOTE
r-release-macos-x86_64 0.1.3 NOTE
r-release-windows-ix86+x86_64 0.1.3 16.00 144.00 160.00 OK
r-oldrel-macos-x86_64 0.1.3 NOTE
r-oldrel-windows-ix86+x86_64 0.1.3 16.00 158.00 174.00 OK

Check Details

Version: 0.1.3
Check: dependencies in R code
Result: NOTE
    Namespaces in Imports field not imported from:
     ‘lwgeom’ ‘utf8’
     All declared Imports should be used.
Flavors: r-devel-linux-x86_64-fedora-clang, r-devel-linux-x86_64-fedora-gcc, r-devel-windows-x86_64-new-TK, r-release-macos-arm64, r-release-macos-x86_64, r-oldrel-macos-x86_64