CRAN Package Check Results for Package strip

Last updated on 2022-11-29 09:52:27 CET.

Flavor Version Tinstall Tcheck Ttotal Status Flags
r-devel-linux-x86_64-debian-clang 1.0.0 2.78 43.80 46.58 NOTE
r-devel-linux-x86_64-debian-gcc 1.0.0 2.25 32.99 35.24 NOTE
r-devel-linux-x86_64-fedora-clang 1.0.0 67.58 NOTE
r-devel-linux-x86_64-fedora-gcc 1.0.0 65.19 NOTE
r-devel-windows-x86_64 1.0.0 12.00 73.00 85.00 NOTE
r-patched-linux-x86_64 1.0.0 1.82 41.10 42.92 NOTE
r-release-linux-x86_64 1.0.0 2.07 41.11 43.18 NOTE
r-release-macos-arm64 1.0.0 22.00 NOTE
r-release-macos-x86_64 1.0.0 30.00 NOTE
r-release-windows-x86_64 1.0.0 12.00 71.00 83.00 NOTE
r-oldrel-macos-arm64 1.0.0 29.00 NOTE
r-oldrel-macos-x86_64 1.0.0 33.00 NOTE
r-oldrel-windows-ix86+x86_64 1.0.0 7.00 69.00 76.00 NOTE

Check Details

Version: 1.0.0
Check: LazyData
Result: NOTE
     'LazyData' is specified without a 'data' directory
Flavors: r-devel-linux-x86_64-debian-clang, r-devel-linux-x86_64-debian-gcc, r-devel-linux-x86_64-fedora-clang, r-devel-linux-x86_64-fedora-gcc, r-devel-windows-x86_64, r-patched-linux-x86_64, r-release-linux-x86_64, r-release-macos-arm64, r-release-macos-x86_64, r-release-windows-x86_64, r-oldrel-macos-arm64, r-oldrel-macos-x86_64, r-oldrel-windows-ix86+x86_64