CRAN Package Check Results for Package streambugs

Last updated on 2022-12-07 10:50:11 CET.

Flavor Version Tinstall Tcheck Ttotal Status Flags
r-devel-linux-x86_64-debian-clang 1.2 9.33 90.18 99.51 WARN
r-devel-linux-x86_64-debian-gcc 1.2 6.85 65.87 72.72 WARN
r-devel-linux-x86_64-fedora-clang 1.2 133.06 WARN
r-devel-linux-x86_64-fedora-gcc 1.2 127.71 WARN
r-devel-windows-x86_64 1.2 95.00 116.00 211.00 OK
r-patched-linux-x86_64 1.2 6.83 85.70 92.53 OK
r-release-linux-x86_64 1.2 7.65 84.03 91.68 OK
r-release-macos-arm64 1.2 36.00 OK
r-release-macos-x86_64 1.2 48.00 OK
r-release-windows-x86_64 1.2 86.00 120.00 206.00 OK
r-oldrel-macos-arm64 1.2 44.00 OK
r-oldrel-macos-x86_64 1.2 52.00 OK
r-oldrel-windows-ix86+x86_64 1.2 17.00 173.00 190.00 OK

Check Details

Version: 1.2
Check: whether package can be installed
Result: WARN
    Found the following significant warnings:
     streambugs_init.c:45:33: warning: a function declaration without a prototype is deprecated in all versions of C [-Wstrict-prototypes]
     streambugs_init.c:46:37: warning: a function declaration without a prototype is deprecated in all versions of C [-Wstrict-prototypes]
     streambugs_init.c:47:48: warning: a function declaration without a prototype is deprecated in all versions of C [-Wstrict-prototypes]
     streambugs_init.c:48:53: warning: a function declaration without a prototype is deprecated in all versions of C [-Wstrict-prototypes]
     streambugs_init.c:49:46: warning: a function declaration without a prototype is deprecated in all versions of C [-Wstrict-prototypes]
     streambugs_init.c:50:40: warning: a function declaration without a prototype is deprecated in all versions of C [-Wstrict-prototypes]
     streambugs_init.c:51:49: warning: a function declaration without a prototype is deprecated in all versions of C [-Wstrict-prototypes]
     streambugs_init.c:52:42: warning: a function declaration without a prototype is deprecated in all versions of C [-Wstrict-prototypes]
     streambugs_init.c:53:39: warning: a function declaration without a prototype is deprecated in all versions of C [-Wstrict-prototypes]
     streambugs_init.c:54:48: warning: a function declaration without a prototype is deprecated in all versions of C [-Wstrict-prototypes]
     streambugs_init.c:55:48: warning: a function declaration without a prototype is deprecated in all versions of C [-Wstrict-prototypes]
     streambugs_init.c:56:40: warning: a function declaration without a prototype is deprecated in all versions of C [-Wstrict-prototypes]
     streambugs_rhs.c:460:30: warning: a function declaration without a prototype is deprecated in all versions of C [-Wstrict-prototypes]
     streambugs_rhs.c:492:33: warning: a function declaration without a prototype is deprecated in all versions of C [-Wstrict-prototypes]
     streambugs_rhs.c:531:42: warning: a function declaration without a prototype is deprecated in all versions of C [-Wstrict-prototypes]
     streambugs_rhs.c:553:39: warning: a function declaration without a prototype is deprecated in all versions of C [-Wstrict-prototypes]
     streambugs_rhs.c:575:41: warning: a function declaration without a prototype is deprecated in all versions of C [-Wstrict-prototypes]
     streambugs_rhs.c:616:46: warning: a function declaration without a prototype is deprecated in all versions of C [-Wstrict-prototypes]
     streambugs_rhs.c:638:35: warning: a function declaration without a prototype is deprecated in all versions of C [-Wstrict-prototypes]
     streambugs_rhs.c:660:32: warning: a function declaration without a prototype is deprecated in all versions of C [-Wstrict-prototypes]
     streambugs_rhs.c:682:41: warning: a function declaration without a prototype is deprecated in all versions of C [-Wstrict-prototypes]
     streambugs_rhs.c:723:41: warning: a function declaration without a prototype is deprecated in all versions of C [-Wstrict-prototypes]
     streambugs_rhs.c:893:33: warning: a function declaration without a prototype is deprecated in all versions of C [-Wstrict-prototypes]
Flavors: r-devel-linux-x86_64-debian-clang, r-devel-linux-x86_64-fedora-clang

Version: 1.2
Check: compiled code
Result: WARN
    File 'streambugs/libs/streambugs.so':
     Found '__sprintf_chk', possibly from 'sprintf' (C)
     Object: 'streambugs_rhs.o'
    
    Compiled code should not call entry points which might terminate R nor
    write to stdout/stderr instead of to the console, nor use Fortran I/O
    nor system RNGs nor [v]sprintf.
    
    See 'Writing portable packages' in the 'Writing R Extensions' manual.
Flavors: r-devel-linux-x86_64-debian-clang, r-devel-linux-x86_64-debian-gcc, r-devel-linux-x86_64-fedora-gcc

Version: 1.2
Check: whether package can be installed
Result: WARN
    Found the following significant warnings:
     streambugs_init.c:45:1: warning: function declaration isn’t a prototype [-Wstrict-prototypes]
     streambugs_init.c:46:1: warning: function declaration isn’t a prototype [-Wstrict-prototypes]
     streambugs_init.c:47:1: warning: function declaration isn’t a prototype [-Wstrict-prototypes]
     streambugs_init.c:48:1: warning: function declaration isn’t a prototype [-Wstrict-prototypes]
     streambugs_init.c:49:1: warning: function declaration isn’t a prototype [-Wstrict-prototypes]
     streambugs_init.c:50:1: warning: function declaration isn’t a prototype [-Wstrict-prototypes]
     streambugs_init.c:51:1: warning: function declaration isn’t a prototype [-Wstrict-prototypes]
     streambugs_init.c:52:1: warning: function declaration isn’t a prototype [-Wstrict-prototypes]
     streambugs_init.c:53:1: warning: function declaration isn’t a prototype [-Wstrict-prototypes]
     streambugs_init.c:54:1: warning: function declaration isn’t a prototype [-Wstrict-prototypes]
     streambugs_init.c:55:1: warning: function declaration isn’t a prototype [-Wstrict-prototypes]
     streambugs_init.c:56:1: warning: function declaration isn’t a prototype [-Wstrict-prototypes]
     streambugs_rhs.c:460:6: warning: function declaration isn’t a prototype [-Wstrict-prototypes]
     streambugs_rhs.c:492:6: warning: function declaration isn’t a prototype [-Wstrict-prototypes]
     streambugs_rhs.c:531:6: warning: function declaration isn’t a prototype [-Wstrict-prototypes]
     streambugs_rhs.c:553:6: warning: function declaration isn’t a prototype [-Wstrict-prototypes]
     streambugs_rhs.c:575:6: warning: function declaration isn’t a prototype [-Wstrict-prototypes]
     streambugs_rhs.c:616:6: warning: function declaration isn’t a prototype [-Wstrict-prototypes]
     streambugs_rhs.c:638:6: warning: function declaration isn’t a prototype [-Wstrict-prototypes]
     streambugs_rhs.c:660:6: warning: function declaration isn’t a prototype [-Wstrict-prototypes]
     streambugs_rhs.c:682:6: warning: function declaration isn’t a prototype [-Wstrict-prototypes]
     streambugs_rhs.c:723:6: warning: function declaration isn’t a prototype [-Wstrict-prototypes]
     streambugs_rhs.c:893:6: warning: function declaration isn’t a prototype [-Wstrict-prototypes]
Flavors: r-devel-linux-x86_64-debian-gcc, r-devel-linux-x86_64-fedora-gcc

Version: 1.2
Check: compiled code
Result: WARN
    File ‘streambugs/libs/streambugs.so’:
     Found ‘sprintf’, possibly from ‘sprintf’ (C)
     Object: ‘streambugs_rhs.o’
    
    Compiled code should not call entry points which might terminate R nor
    write to stdout/stderr instead of to the console, nor use Fortran I/O
    nor system RNGs nor [v]sprintf.
    
    See ‘Writing portable packages’ in the ‘Writing R Extensions’ manual.
Flavor: r-devel-linux-x86_64-fedora-clang