CRAN Package Check Results for Package stream

Last updated on 2022-01-17 09:56:13 CET.

Flavor Version Tinstall Tcheck Ttotal Status Flags
r-devel-linux-x86_64-debian-clang 1.5-0 146.11 224.97 371.08 OK
r-devel-linux-x86_64-debian-gcc 1.5-0 112.34 168.17 280.51 OK
r-devel-linux-x86_64-fedora-clang 1.5-0 530.70 NOTE
r-devel-linux-x86_64-fedora-gcc 1.5-0 462.57 OK
r-devel-windows-x86_64-new-UL 1.5-0 344.00 316.00 660.00 NOTE
r-devel-windows-x86_64-new-TK 1.5-0 OK
r-patched-linux-x86_64 1.5-0 128.73 217.05 345.78 OK
r-release-linux-x86_64 1.5-0 OK
r-release-macos-arm64 1.5-0 NOTE
r-release-macos-x86_64 1.5-0 NOTE
r-release-windows-ix86+x86_64 1.5-0 336.00 373.00 709.00 NOTE
r-oldrel-macos-x86_64 1.5-0 NOTE
r-oldrel-windows-ix86+x86_64 1.5-0 338.00 376.00 714.00 NOTE

Check Details

Version: 1.5-0
Check: installed package size
Result: NOTE
     installed size is 12.9Mb
     sub-directories of 1Mb or more:
     doc 2.6Mb
     libs 9.4Mb
Flavors: r-devel-linux-x86_64-fedora-clang, r-devel-windows-x86_64-new-UL, r-release-macos-arm64, r-release-macos-x86_64, r-release-windows-ix86+x86_64, r-oldrel-macos-x86_64, r-oldrel-windows-ix86+x86_64