CRAN Package Check Results for Package strat

Last updated on 2022-12-05 09:51:33 CET.

Flavor Version Tinstall Tcheck Ttotal Status Flags
r-devel-linux-x86_64-debian-clang 0.1 28.13 40.26 68.39 OK
r-devel-linux-x86_64-debian-gcc 0.1 18.81 31.65 50.46 OK
r-devel-linux-x86_64-fedora-clang 0.1 107.80 NOTE
r-devel-linux-x86_64-fedora-gcc 0.1 99.74 NOTE
r-devel-windows-x86_64 0.1 28.00 86.00 114.00 OK
r-patched-linux-x86_64 0.1 24.50 38.89 63.39 OK
r-release-linux-x86_64 0.1 23.59 40.14 63.73 OK
r-release-macos-arm64 0.1 34.00 OK
r-release-macos-x86_64 0.1 45.00 OK
r-release-windows-x86_64 0.1 30.00 91.00 121.00 OK
r-oldrel-macos-arm64 0.1 36.00 OK
r-oldrel-macos-x86_64 0.1 46.00 OK
r-oldrel-windows-ix86+x86_64 0.1 78.00 94.00 172.00 OK

Check Details

Version: 0.1
Check: compiled code
Result: NOTE
    File ‘strat/libs/strat.so’:
     Found no calls to: ‘R_registerRoutines’, ‘R_useDynamicSymbols’
    
    It is good practice to register native routines and to disable symbol
    search.
    
    See ‘Writing portable packages’ in the ‘Writing R Extensions’ manual.
Flavors: r-devel-linux-x86_64-fedora-clang, r-devel-linux-x86_64-fedora-gcc