CRAN Package Check Results for Package stplanr

Last updated on 2021-12-03 10:51:07 CET.

Flavor Version Tinstall Tcheck Ttotal Status Flags
r-devel-linux-x86_64-debian-clang 0.8.6 62.06 326.26 388.32 OK
r-devel-linux-x86_64-debian-gcc 0.8.6 49.72 242.65 292.37 OK
r-devel-linux-x86_64-fedora-clang 0.8.6 485.67 OK
r-devel-linux-x86_64-fedora-gcc 0.8.6 467.08 OK
r-devel-windows-x86_64-new-UL 0.8.6 73.00 324.00 397.00 OK
r-devel-windows-x86_64-new-TK 0.8.6 OK
r-devel-windows-x86_64-old 0.8.6 95.00 355.00 450.00 OK
r-patched-linux-x86_64 0.8.6 68.79 325.10 393.89 OK
r-patched-solaris-x86 0.8.6 583.60 OK
r-release-linux-x86_64 0.8.6 60.38 326.27 386.65 OK
r-release-macos-arm64 0.8.6 NOTE
r-release-macos-x86_64 0.8.6 NOTE
r-release-windows-ix86+x86_64 0.8.6 133.00 494.00 627.00 NOTE
r-oldrel-macos-x86_64 0.8.6 NOTE
r-oldrel-windows-ix86+x86_64 0.8.6 158.00 616.00 774.00 NOTE

Check Details

Version: 0.8.6
Check: installed package size
Result: NOTE
     installed size is 5.5Mb
     sub-directories of 1Mb or more:
     libs 2.2Mb
Flavors: r-release-macos-arm64, r-release-macos-x86_64, r-release-windows-ix86+x86_64, r-oldrel-macos-x86_64, r-oldrel-windows-ix86+x86_64