Last updated on 2023-01-27 10:50:30 CET.
Flavor | Version | Tinstall | Tcheck | Ttotal | Status | Flags |
---|---|---|---|---|---|---|
r-devel-linux-x86_64-debian-clang | 0.1.2 | 7.75 | 68.31 | 76.06 | OK | |
r-devel-linux-x86_64-debian-gcc | 0.1.2 | 7.12 | 50.00 | 57.12 | OK | |
r-devel-linux-x86_64-fedora-clang | 0.1.2 | 92.70 | NOTE | |||
r-devel-linux-x86_64-fedora-gcc | 0.1.2 | 107.30 | NOTE | |||
r-patched-linux-x86_64 | 0.1.2 | 15.39 | 62.84 | 78.23 | OK | |
r-release-linux-x86_64 | 0.1.2 | 8.55 | 63.76 | 72.31 | OK | |
r-release-macos-arm64 | 0.1.2 | 33.00 | NOTE | |||
r-release-macos-x86_64 | 0.1.2 | 46.00 | NOTE | |||
r-release-windows-x86_64 | 0.1.2 | 73.00 | 103.00 | 176.00 | OK |
Version: 0.1.2
Check: data for non-ASCII characters
Result: NOTE
Note: found 1725 marked UTF-8 strings
Flavors: r-devel-linux-x86_64-fedora-clang, r-devel-linux-x86_64-fedora-gcc, r-release-macos-arm64, r-release-macos-x86_64