CRAN Package Check Results for Package storr

Last updated on 2023-03-23 10:54:46 CET.

Flavor Version Tinstall Tcheck Ttotal Status Flags
r-devel-linux-x86_64-debian-clang 1.2.5 7.90 61.29 69.19 NOTE
r-devel-linux-x86_64-debian-gcc 1.2.5 6.68 47.06 53.74 NOTE
r-devel-linux-x86_64-fedora-clang 1.2.5 88.60 NOTE
r-devel-linux-x86_64-fedora-gcc 1.2.5 94.81 NOTE
r-patched-linux-x86_64 1.2.5 10.26 58.76 69.02 NOTE
r-release-linux-x86_64 1.2.5 7.80 58.33 66.13 NOTE
r-release-macos-arm64 1.2.5 27.00 NOTE
r-release-macos-x86_64 1.2.5 42.00 NOTE
r-release-windows-x86_64 1.2.5 41.00 456.00 497.00 NOTE
r-oldrel-macos-arm64 1.2.5 36.00 NOTE
r-oldrel-macos-x86_64 1.2.5 61.00 NOTE
r-oldrel-windows-ix86+x86_64 1.2.5 18.00 130.00 148.00 NOTE

Check Details

Version: 1.2.5
Check: LazyData
Result: NOTE
     'LazyData' is specified without a 'data' directory
Flavors: r-devel-linux-x86_64-debian-clang, r-devel-linux-x86_64-debian-gcc, r-devel-linux-x86_64-fedora-clang, r-devel-linux-x86_64-fedora-gcc, r-patched-linux-x86_64, r-release-linux-x86_64, r-release-macos-arm64, r-release-macos-x86_64, r-release-windows-x86_64, r-oldrel-macos-arm64, r-oldrel-macos-x86_64, r-oldrel-windows-ix86+x86_64