CRAN Package Check Results for Package stopwords

Last updated on 2022-11-28 09:50:58 CET.

Flavor Version Tinstall Tcheck Ttotal Status Flags
r-devel-linux-x86_64-debian-clang 2.3 2.49 26.16 28.65 OK
r-devel-linux-x86_64-debian-gcc 2.3 1.59 20.85 22.44 OK
r-devel-linux-x86_64-fedora-clang 2.3 47.12 NOTE
r-devel-linux-x86_64-fedora-gcc 2.3 45.02 NOTE
r-devel-windows-x86_64 2.3 14.00 57.00 71.00 OK
r-patched-linux-x86_64 2.3 2.57 24.72 27.29 OK
r-release-linux-x86_64 2.3 1.94 25.67 27.61 OK
r-release-macos-arm64 2.3 16.00 NOTE
r-release-macos-x86_64 2.3 25.00 NOTE
r-release-windows-x86_64 2.3 18.00 53.00 71.00 OK
r-oldrel-macos-arm64 2.3 17.00 NOTE
r-oldrel-macos-x86_64 2.3 23.00 NOTE
r-oldrel-windows-ix86+x86_64 2.3 5.00 51.00 56.00 OK

Check Details

Version: 2.3
Check: data for non-ASCII characters
Result: NOTE
     Note: found 22806 marked UTF-8 strings
Flavors: r-devel-linux-x86_64-fedora-clang, r-devel-linux-x86_64-fedora-gcc, r-release-macos-arm64, r-release-macos-x86_64, r-oldrel-macos-arm64, r-oldrel-macos-x86_64