CRAN Package Check Results for Package stellaR

Last updated on 2024-07-13 10:49:00 CEST.

Flavor Version Tinstall Tcheck Ttotal Status Flags
r-devel-linux-x86_64-debian-clang 0.3-4 3.43 29.32 32.75 NOTE
r-devel-linux-x86_64-debian-gcc 0.3-4 2.56 22.38 24.94 NOTE
r-devel-linux-x86_64-fedora-clang 0.3-4 41.60 NOTE
r-devel-linux-x86_64-fedora-gcc 0.3-4 38.30 NOTE
r-devel-windows-x86_64 0.3-4 3.00 47.00 50.00 NOTE
r-patched-linux-x86_64 0.3-4 3.13 28.53 31.66 NOTE
r-release-linux-x86_64 0.3-4 2.75 28.30 31.05 NOTE
r-release-macos-arm64 0.3-4 17.00 NOTE
r-release-macos-x86_64 0.3-4 22.00 NOTE
r-release-windows-x86_64 0.3-4 4.00 46.00 50.00 NOTE
r-oldrel-macos-arm64 0.3-4 18.00 OK
r-oldrel-macos-x86_64 0.3-4 24.00 OK
r-oldrel-windows-x86_64 0.3-4 3.00 50.00 53.00 OK

Check Details

Version: 0.3-4
Check: Rd files
Result: NOTE checkRd: (-1) keypoints.Rd:35-36: Lost braces in \enumerate; meant \describe ? checkRd: (-1) keypoints.Rd:37-39: Lost braces in \enumerate; meant \describe ? checkRd: (-1) keypoints.Rd:40-44: Lost braces in \enumerate; meant \describe ? checkRd: (-1) keypoints.Rd:45-48: Lost braces in \enumerate; meant \describe ? checkRd: (-1) keypoints.Rd:49-50: Lost braces in \enumerate; meant \describe ? checkRd: (-1) keypoints.Rd:63-65: Lost braces in \enumerate; meant \describe ? checkRd: (-1) keypoints.Rd:66-67: Lost braces in \enumerate; meant \describe ? Flavors: r-devel-linux-x86_64-debian-clang, r-devel-linux-x86_64-debian-gcc, r-devel-linux-x86_64-fedora-clang, r-devel-linux-x86_64-fedora-gcc, r-devel-windows-x86_64, r-patched-linux-x86_64, r-release-linux-x86_64, r-release-macos-arm64, r-release-macos-x86_64, r-release-windows-x86_64