CRAN Package Check Results for Package statgenSTA

Last updated on 2022-01-19 10:55:38 CET.

Flavor Version Tinstall Tcheck Ttotal Status Flags
r-devel-linux-x86_64-debian-clang 1.0.8 NOTE
r-devel-linux-x86_64-debian-gcc 1.0.8 9.93 168.90 178.83 NOTE
r-devel-linux-x86_64-fedora-clang 1.0.8 279.86 NOTE
r-devel-linux-x86_64-fedora-gcc 1.0.8 268.10 NOTE
r-devel-windows-x86_64-new-UL 1.0.8 75.00 246.00 321.00 NOTE
r-devel-windows-x86_64-new-TK 1.0.8 NOTE
r-patched-linux-x86_64 1.0.8 9.93 214.05 223.98 NOTE
r-release-linux-x86_64 1.0.8 NOTE
r-release-macos-arm64 1.0.8 NOTE
r-release-macos-x86_64 1.0.8 NOTE
r-release-windows-ix86+x86_64 1.0.8 22.00 257.00 279.00 NOTE
r-oldrel-macos-x86_64 1.0.8 NOTE
r-oldrel-windows-ix86+x86_64 1.0.8 22.00 254.00 276.00 NOTE

Check Details

Version: 1.0.8
Check: package dependencies
Result: NOTE
    Package suggested but not available for checking: 'asreml'
Flavors: r-devel-linux-x86_64-debian-clang, r-devel-linux-x86_64-debian-gcc, r-devel-linux-x86_64-fedora-clang, r-devel-linux-x86_64-fedora-gcc, r-devel-windows-x86_64-new-UL, r-devel-windows-x86_64-new-TK, r-patched-linux-x86_64, r-release-linux-x86_64, r-release-macos-arm64, r-release-macos-x86_64, r-release-windows-ix86+x86_64, r-oldrel-macos-x86_64, r-oldrel-windows-ix86+x86_64

Version: 1.0.8
Check: dependencies in R code
Result: NOTE
    Namespace in Imports field not imported from: ‘mapproj’
     All declared Imports should be used.
Flavors: r-devel-linux-x86_64-fedora-clang, r-devel-linux-x86_64-fedora-gcc, r-devel-windows-x86_64-new-TK, r-release-macos-arm64, r-release-macos-x86_64, r-oldrel-macos-x86_64