CRAN Package Check Results for Package starvars

Last updated on 2022-07-04 10:52:24 CEST.

Flavor Version Tinstall Tcheck Ttotal Status Flags
r-devel-linux-x86_64-debian-clang 1.1.10 13.67 106.72 120.39 NOTE
r-devel-linux-x86_64-debian-gcc 1.1.10 10.25 81.80 92.05 NOTE
r-devel-linux-x86_64-fedora-clang 1.1.10 154.42 NOTE
r-devel-linux-x86_64-fedora-gcc 1.1.10 152.57 NOTE
r-devel-windows-x86_64 1.1.10 33.00 128.00 161.00 NOTE
r-patched-linux-x86_64 1.1.10 15.64 102.93 118.57 OK
r-release-linux-x86_64 1.1.10 14.98 101.71 116.69 OK
r-release-macos-arm64 1.1.10 44.00 OK
r-release-macos-x86_64 1.1.10 80.00 OK
r-release-windows-x86_64 1.1.10 31.00 128.00 159.00 OK
r-oldrel-macos-arm64 1.1.10 48.00 OK
r-oldrel-macos-x86_64 1.1.10 62.00 OK
r-oldrel-windows-ix86+x86_64 1.1.10 29.00 125.00 154.00 OK

Check Details

Version: 1.1.10
Check: Rd files
Result: NOTE
    checkRd: (-1) multiCUMSUM.Rd:33: Escaped LaTeX specials: \&
Flavors: r-devel-linux-x86_64-debian-clang, r-devel-linux-x86_64-debian-gcc, r-devel-linux-x86_64-fedora-clang, r-devel-linux-x86_64-fedora-gcc, r-devel-windows-x86_64