CRAN Package Check Results for Package stars

Last updated on 2024-02-20 10:55:17 CET.

Flavor Version Tinstall Tcheck Ttotal Status Flags
r-devel-linux-x86_64-debian-clang 0.6-4 NOTE
r-devel-linux-x86_64-debian-gcc 0.6-4 14.26 294.56 308.82 NOTE
r-devel-linux-x86_64-fedora-clang 0.6-4 426.03 NOTE
r-devel-linux-x86_64-fedora-gcc 0.6-4 443.12 NOTE
r-devel-windows-x86_64 0.6-4 18.00 317.00 335.00 NOTE
r-patched-linux-x86_64 0.6-4 22.04 382.68 404.72 NOTE
r-release-linux-x86_64 0.6-4 15.02 382.24 397.26 NOTE
r-release-macos-arm64 0.6-4 185.00 NOTE
r-release-macos-x86_64 0.6-4 314.00 NOTE
r-release-windows-x86_64 0.6-4 23.00 396.00 419.00 NOTE
r-oldrel-macos-arm64 0.6-4 172.00 NOTE
r-oldrel-windows-x86_64 0.6-4 24.00 396.00 420.00 NOTE

Additional issues

M1mac

Check Details

Version: 0.6-4
Check: package dependencies
Result: NOTE Package suggested but not available for checking: ‘starsdata’ Flavors: r-devel-linux-x86_64-debian-clang, r-devel-linux-x86_64-debian-gcc, r-devel-linux-x86_64-fedora-clang, r-devel-linux-x86_64-fedora-gcc, r-devel-windows-x86_64, r-patched-linux-x86_64, r-release-linux-x86_64, r-release-macos-arm64, r-release-macos-x86_64, r-release-windows-x86_64, r-oldrel-macos-arm64, r-oldrel-windows-x86_64

Version: 0.6-4
Check: installed package size
Result: NOTE installed size is 6.4Mb sub-directories of 1Mb or more: doc 2.4Mb nc 1.8Mb Flavors: r-devel-linux-x86_64-fedora-clang, r-devel-windows-x86_64, r-release-macos-arm64, r-release-macos-x86_64, r-release-windows-x86_64, r-oldrel-macos-arm64, r-oldrel-windows-x86_64