Last updated on 2023-10-01 10:58:00 CEST.
Flavor | Version | Tinstall | Tcheck | Ttotal | Status | Flags |
---|---|---|---|---|---|---|
r-devel-linux-x86_64-debian-clang | 1.1.6 | 4.86 | 32.50 | 37.36 | NOTE | |
r-devel-linux-x86_64-debian-gcc | 1.1.6 | 4.36 | 24.71 | 29.07 | NOTE | |
r-devel-linux-x86_64-fedora-clang | 1.1.6 | 47.74 | NOTE | |||
r-devel-linux-x86_64-fedora-gcc | 1.1.6 | 45.66 | NOTE | |||
r-devel-windows-x86_64 | 1.1.6 | 8.00 | 54.00 | 62.00 | NOTE | |
r-patched-linux-x86_64 | 1.1.6 | 5.64 | 32.09 | 37.73 | NOTE | |
r-release-linux-x86_64 | 1.1.6 | 5.22 | 32.41 | 37.63 | NOTE | |
r-release-macos-arm64 | 1.1.6 | 20.00 | NOTE | |||
r-release-macos-x86_64 | 1.1.6 | 26.00 | NOTE | |||
r-release-windows-x86_64 | 1.1.6 | 8.00 | 59.00 | 67.00 | NOTE | |
r-oldrel-macos-arm64 | 1.1.6 | 22.00 | OK | |||
r-oldrel-macos-x86_64 | 1.1.6 | 26.00 | OK | |||
r-oldrel-windows-x86_64 | 1.1.6 | 13.00 | 60.00 | 73.00 | OK |
Version: 1.1.6
Check: package subdirectories
Result: NOTE
Problems with news in ‘NEWS.md’:
No news entries found.
Flavors: r-devel-linux-x86_64-debian-clang, r-devel-linux-x86_64-debian-gcc, r-devel-linux-x86_64-fedora-clang, r-devel-linux-x86_64-fedora-gcc, r-devel-windows-x86_64, r-patched-linux-x86_64, r-release-linux-x86_64, r-release-macos-arm64, r-release-macos-x86_64, r-release-windows-x86_64