CRAN Package Check Results for Package ssdtools

Last updated on 2024-02-22 10:48:35 CET.

Flavor Version Tinstall Tcheck Ttotal Status Flags
r-devel-linux-x86_64-debian-clang 1.0.6 OK
r-devel-linux-x86_64-debian-gcc 1.0.6 104.84 287.75 392.59 OK
r-devel-linux-x86_64-fedora-clang 1.0.6 615.43 OK
r-devel-linux-x86_64-fedora-gcc 1.0.6 664.08 OK
r-devel-windows-x86_64 1.0.6 95.00 435.00 530.00 NOTE
r-patched-linux-x86_64 1.0.6 102.50 372.23 474.73 OK
r-release-linux-x86_64 1.0.6 94.68 378.52 473.20 OK
r-release-macos-arm64 1.0.6 341.00 NOTE
r-release-macos-x86_64 1.0.6 488.00 NOTE
r-release-windows-x86_64 1.0.6 120.00 566.00 686.00 NOTE
r-oldrel-macos-arm64 1.0.6 244.00 NOTE
r-oldrel-windows-x86_64 1.0.6 111.00 538.00 649.00 NOTE

Check Details

Version: 1.0.6
Check: installed package size
Result: NOTE installed size is 16.4Mb sub-directories of 1Mb or more: doc 1.2Mb help 1.0Mb libs 13.8Mb Flavors: r-devel-windows-x86_64, r-release-macos-arm64, r-release-macos-x86_64, r-release-windows-x86_64, r-oldrel-macos-arm64, r-oldrel-windows-x86_64