CRAN Package Check Results for Package ssdtools

Last updated on 2022-09-25 09:51:51 CEST.

Flavor Version Tinstall Tcheck Ttotal Status Flags
r-devel-linux-x86_64-debian-clang 1.0.2 113.21 517.63 630.84 OK
r-devel-linux-x86_64-debian-gcc 1.0.2 99.07 379.11 478.18 OK
r-devel-linux-x86_64-fedora-clang 1.0.2 772.51 OK
r-devel-linux-x86_64-fedora-gcc 1.0.2 763.57 OK
r-devel-windows-x86_64 1.0.2 225.00 590.00 815.00 NOTE
r-patched-linux-x86_64 1.0.2 92.15 483.37 575.52 OK
r-release-linux-x86_64 1.0.2 99.97 485.94 585.91 OK
r-release-macos-arm64 1.0.2 208.00 NOTE
r-release-macos-x86_64 1.0.2 262.00 NOTE
r-release-windows-x86_64 1.0.2 194.00 601.00 795.00 NOTE
r-oldrel-macos-arm64 1.0.2 228.00 NOTE
r-oldrel-macos-x86_64 1.0.2 269.00 NOTE
r-oldrel-windows-ix86+x86_64 1.0.2 222.00 899.00 1121.00 NOTE

Check Details

Version: 1.0.2
Check: installed package size
Result: NOTE
     installed size is 16.3Mb
     sub-directories of 1Mb or more:
     doc 1.2Mb
     help 1.0Mb
     libs 13.7Mb
Flavors: r-devel-windows-x86_64, r-release-macos-arm64, r-release-macos-x86_64, r-release-windows-x86_64, r-oldrel-macos-arm64, r-oldrel-macos-x86_64, r-oldrel-windows-ix86+x86_64