CRAN Package Check Results for Package ssaBSS

Last updated on 2024-03-03 10:52:57 CET.

Flavor Version Tinstall Tcheck Ttotal Status Flags
r-devel-linux-x86_64-debian-clang 0.1.1 16.82 130.34 147.16 NOTE
r-devel-linux-x86_64-debian-gcc 0.1.1 11.46 98.13 109.59 NOTE
r-devel-linux-x86_64-fedora-clang 0.1.1 180.61 NOTE
r-devel-linux-x86_64-fedora-gcc 0.1.1 168.83 NOTE
r-devel-windows-x86_64 0.1.1 14.00 105.00 119.00 OK
r-patched-linux-x86_64 0.1.1 13.61 124.74 138.35 OK
r-release-linux-x86_64 0.1.1 12.15 125.37 137.52 OK
r-release-macos-arm64 0.1.1 55.00 OK
r-release-macos-x86_64 0.1.1 87.00 OK
r-release-windows-x86_64 0.1.1 19.00 134.00 153.00 OK
r-oldrel-macos-arm64 0.1.1 51.00 OK
r-oldrel-windows-x86_64 0.1.1 20.00 133.00 153.00 OK

Check Details

Version: 0.1.1
Check: Rd files
Result: NOTE checkRd: (-1) ssaBSS-package.Rd:22: Lost braces in \itemize; meant \describe ? checkRd: (-1) ssaBSS-package.Rd:23: Lost braces in \itemize; meant \describe ? checkRd: (-1) ssaBSS-package.Rd:24: Lost braces in \itemize; meant \describe ? checkRd: (-1) ssaBSS-package.Rd:25: Lost braces in \itemize; meant \describe ? checkRd: (-1) ssaBSS-package.Rd:26: Lost braces in \itemize; meant \describe ? Flavors: r-devel-linux-x86_64-debian-clang, r-devel-linux-x86_64-debian-gcc, r-devel-linux-x86_64-fedora-clang, r-devel-linux-x86_64-fedora-gcc