CRAN Package Check Results for Package spsComps

Last updated on 2024-07-24 10:34:13 CEST.

Flavor Version Tinstall Tcheck Ttotal Status Flags
r-devel-linux-x86_64-debian-clang 0.3.3.0 5.77 56.37 62.14 OK
r-devel-linux-x86_64-debian-gcc 0.3.3.0 5.28 42.16 47.44 NOTE
r-devel-linux-x86_64-fedora-clang 0.3.3.0 78.64 OK
r-devel-linux-x86_64-fedora-gcc 0.3.3.0 74.09 OK
r-devel-windows-x86_64 0.3.3.0 7.00 68.00 75.00 NOTE
r-patched-linux-x86_64 0.3.3.0 10.98 53.03 64.01 OK
r-release-linux-x86_64 0.3.3.0 7.82 52.98 60.80 OK
r-release-macos-arm64 0.3.3.0 27.00 OK
r-release-macos-x86_64 0.3.3.0 37.00 OK
r-release-windows-x86_64 0.3.3.0 8.00 67.00 75.00 OK
r-oldrel-macos-arm64 0.3.3.0 26.00 OK
r-oldrel-macos-x86_64 0.3.3.0 45.00 OK
r-oldrel-windows-x86_64 0.3.3.0 10.00 76.00 86.00 OK

Check Details

Version: 0.3.3.0
Check: Rd cross-references
Result: NOTE Found the following Rd file(s) with Rd \link{} targets missing package anchors: onNextInput.Rd: observeEvent Please provide package anchors for all Rd \link{} targets not in the package itself and the base packages. Flavors: r-devel-linux-x86_64-debian-gcc, r-devel-windows-x86_64