Last updated on 2023-05-30 11:00:26 CEST.
Flavor | Version | Tinstall | Tcheck | Ttotal | Status | Flags |
---|---|---|---|---|---|---|
r-devel-linux-x86_64-debian-clang | 1.0-22 | 32.48 | 131.03 | 163.51 | NOTE | |
r-devel-linux-x86_64-debian-gcc | 1.0-22 | 23.93 | 100.66 | 124.59 | NOTE | |
r-devel-linux-x86_64-fedora-clang | 1.0-22 | 227.05 | NOTE | |||
r-devel-linux-x86_64-fedora-gcc | 1.0-22 | 212.66 | NOTE | |||
r-devel-windows-x86_64 | 1.0-22 | 26.00 | 161.00 | 187.00 | NOTE | |
r-patched-linux-x86_64 | 1.0-22 | 27.78 | 124.53 | 152.31 | NOTE | |
r-release-linux-x86_64 | 1.0-22 | 23.95 | 125.87 | 149.82 | NOTE | |
r-release-macos-arm64 | 1.0-22 | 72.00 | NOTE | |||
r-release-macos-x86_64 | 1.0-22 | 114.00 | NOTE | |||
r-release-windows-x86_64 | 1.0-22 | 31.00 | 183.00 | 214.00 | NOTE | |
r-oldrel-macos-arm64 | 1.0-22 | 66.00 | OK | |||
r-oldrel-macos-x86_64 | 1.0-22 | 85.00 | OK | |||
r-oldrel-windows-x86_64 | 1.0-22 | 32.00 | 183.00 | 215.00 | OK |
Version: 1.0-22
Check: C++ specification
Result: NOTE
Specified C++11: please drop specification unless essential
Flavors: r-devel-linux-x86_64-debian-clang, r-devel-linux-x86_64-debian-gcc, r-devel-linux-x86_64-fedora-clang, r-devel-linux-x86_64-fedora-gcc, r-devel-windows-x86_64, r-patched-linux-x86_64, r-release-linux-x86_64, r-release-macos-arm64, r-release-macos-x86_64, r-release-windows-x86_64
Version: 1.0-22
Check: re-building of vignette outputs
Result: NOTE
Error(s) in re-building vignettes:
--- re-building ‘spray.Rnw’ using Sweave
Loading required package: spray
Attaching package: ‘spray’
The following objects are masked from ‘package:base’:
pmax, pmin
Error: processing vignette 'spray.Rnw' failed with diagnostics:
Running 'texi2dvi' on 'spray.tex' failed.
LaTeX errors:
! LaTeX Error: File `dsfont.sty' not found.
Type X to quit or <RETURN> to proceed,
or enter new name. (Default extension: sty)
! Emergency stop.
<read *>
l.4 \usepackage
{bbm}^^M
! ==> Fatal error occurred, no output PDF file produced!
--- failed re-building 'spray.Rnw'
SUMMARY: processing the following file failed:
'spray.Rnw'
Error: Vignette re-building failed.
Execution halted
Flavor: r-release-macos-x86_64