CRAN Package Check Results for Package spm2

Last updated on 2023-02-05 09:57:31 CET.

Flavor Version Tinstall Tcheck Ttotal Status Flags
r-devel-linux-x86_64-debian-clang 1.1.2 5.19 54.03 59.22 OK
r-devel-linux-x86_64-debian-gcc 1.1.2 4.36 39.71 44.07 OK
r-devel-linux-x86_64-fedora-clang 1.1.2 74.09 NOTE
r-devel-linux-x86_64-fedora-gcc 1.1.2 69.41 NOTE
r-devel-windows-x86_64 1.1.2 23.00 99.00 122.00 OK
r-patched-linux-x86_64 1.1.2 6.95 47.01 53.96 OK
r-release-linux-x86_64 1.1.2 5.67 46.65 52.32 OK
r-release-macos-arm64 1.1.2 24.00 NOTE
r-release-macos-x86_64 1.1.2 37.00 NOTE
r-release-windows-x86_64 1.1.2 21.00 83.00 104.00 OK
r-oldrel-macos-arm64 1.1.2 20.00 NOTE
r-oldrel-macos-x86_64 1.1.2 30.00 NOTE
r-oldrel-windows-ix86+x86_64 1.1.2 13.00 80.00 93.00 OK

Additional issues

donttest

Check Details

Version: 1.1.2
Check: dependencies in R code
Result: NOTE
    Namespaces in Imports field not imported from:
     ‘MASS’ ‘psy’ ‘ranger’
     All declared Imports should be used.
Flavors: r-devel-linux-x86_64-fedora-clang, r-devel-linux-x86_64-fedora-gcc, r-release-macos-arm64, r-release-macos-x86_64, r-oldrel-macos-arm64, r-oldrel-macos-x86_64