CRAN Package Check Results for Package speedglm

Last updated on 2021-12-08 10:52:02 CET.

Flavor Version Tinstall Tcheck Ttotal Status Flags
r-devel-linux-x86_64-debian-clang 0.3-3 9.78 85.17 94.95 OK
r-devel-linux-x86_64-debian-gcc 0.3-3 8.09 65.85 73.94 OK
r-devel-linux-x86_64-fedora-clang 0.3-3 114.51 NOTE
r-devel-linux-x86_64-fedora-gcc 0.3-3 103.23 OK
r-devel-windows-x86_64-new-UL 0.3-3 17.00 111.00 128.00 OK
r-devel-windows-x86_64-new-TK 0.3-3 OK
r-devel-windows-x86_64-old 0.3-3 15.00 72.00 87.00 OK
r-patched-linux-x86_64 0.3-3 8.11 83.67 91.78 OK
r-release-linux-x86_64 0.3-3 9.80 82.05 91.85 OK
r-release-macos-arm64 0.3-3 OK
r-release-macos-x86_64 0.3-3 OK
r-release-windows-ix86+x86_64 0.3-3 12.00 96.00 108.00 OK
r-oldrel-macos-x86_64 0.3-3 OK
r-oldrel-windows-ix86+x86_64 0.3-3 24.00 94.00 118.00 OK

Check Details

Version: 0.3-3
Check: Rd cross-references
Result: NOTE
    Undeclared package ‘biglm’ in Rd xrefs
Flavor: r-devel-linux-x86_64-fedora-clang