CRAN Package Check Results for Package specklestar

Last updated on 2023-01-29 11:07:49 CET.

Flavor Version Tinstall Tcheck Ttotal Status Flags
r-devel-linux-x86_64-debian-clang 0.0.1.7 52.81 32.93 85.74 NOTE
r-devel-linux-x86_64-debian-gcc 0.0.1.7 38.77 25.79 64.56 NOTE
r-devel-linux-x86_64-fedora-clang 0.0.1.7 136.69 NOTE
r-devel-linux-x86_64-fedora-gcc 0.0.1.7 119.38 NOTE
r-devel-windows-x86_64 0.0.1.7 68.00 85.00 153.00 NOTE
r-patched-linux-x86_64 0.0.1.7 40.41 32.36 72.77 NOTE
r-release-linux-x86_64 0.0.1.7 40.41 32.84 73.25 NOTE
r-release-macos-arm64 0.0.1.7 33.00 NOTE
r-release-macos-x86_64 0.0.1.7 45.00 NOTE
r-release-windows-x86_64 0.0.1.7 49.00 85.00 134.00 NOTE
r-oldrel-macos-arm64 0.0.1.7 35.00 NOTE
r-oldrel-macos-x86_64 0.0.1.7 53.00 NOTE
r-oldrel-windows-ix86+x86_64 0.0.1.7 127.00 87.00 214.00 NOTE

Check Details

Version: 0.0.1.7
Check: package subdirectories
Result: NOTE
    Problems with news in ‘NEWS.md’:
     Cannot extract version info from the following section titles:
     Roadmap of specklestar package
Flavors: r-devel-linux-x86_64-debian-clang, r-devel-linux-x86_64-debian-gcc, r-devel-linux-x86_64-fedora-clang, r-devel-linux-x86_64-fedora-gcc, r-devel-windows-x86_64

Version: 0.0.1.7
Check: LazyData
Result: NOTE
     'LazyData' is specified without a 'data' directory
Flavors: r-devel-linux-x86_64-debian-clang, r-devel-linux-x86_64-debian-gcc, r-devel-linux-x86_64-fedora-clang, r-devel-linux-x86_64-fedora-gcc, r-devel-windows-x86_64, r-patched-linux-x86_64, r-release-linux-x86_64, r-release-macos-arm64, r-release-macos-x86_64, r-release-windows-x86_64, r-oldrel-macos-arm64, r-oldrel-macos-x86_64, r-oldrel-windows-ix86+x86_64

Version: 0.0.1.7
Check: installed package size
Result: NOTE
     installed size is 5.4Mb
     sub-directories of 1Mb or more:
     libs 3.7Mb
Flavor: r-oldrel-windows-ix86+x86_64