CRAN Package Check Results for Package spatialrisk

Last updated on 2022-01-23 09:58:42 CET.

Flavor Version Tinstall Tcheck Ttotal Status Flags
r-devel-linux-x86_64-debian-clang 0.7.0 53.89 316.72 370.61 OK
r-devel-linux-x86_64-debian-gcc 0.7.0 42.57 250.73 293.30 OK
r-devel-linux-x86_64-fedora-clang 0.7.0 410.34 NOTE
r-devel-linux-x86_64-fedora-gcc 0.7.0 487.50 NOTE
r-devel-windows-x86_64-new-UL 0.7.0 83.00 337.00 420.00 NOTE
r-devel-windows-x86_64-new-TK 0.7.0 NOTE
r-patched-linux-x86_64 0.7.0 46.27 311.60 357.87 OK
r-release-linux-x86_64 0.7.0 38.90 303.02 341.92 OK
r-release-macos-arm64 0.7.0 NOTE
r-release-macos-x86_64 0.7.0 NOTE
r-release-windows-ix86+x86_64 0.7.0 123.00 494.00 617.00 NOTE
r-oldrel-macos-x86_64 0.7.0 NOTE
r-oldrel-windows-ix86+x86_64 0.7.0 126.00 517.00 643.00 NOTE

Check Details

Version: 0.7.0
Check: installed package size
Result: NOTE
     installed size is 5.4Mb
     sub-directories of 1Mb or more:
     data 2.6Mb
     help 1.7Mb
Flavors: r-devel-linux-x86_64-fedora-clang, r-devel-windows-x86_64-new-UL, r-release-macos-arm64, r-release-macos-x86_64, r-release-windows-ix86+x86_64, r-oldrel-macos-x86_64, r-oldrel-windows-ix86+x86_64

Version: 0.7.0
Check: data for non-ASCII characters
Result: NOTE
     Note: found 283 marked UTF-8 strings
Flavors: r-devel-linux-x86_64-fedora-clang, r-devel-linux-x86_64-fedora-gcc, r-devel-windows-x86_64-new-TK, r-release-macos-arm64, r-release-macos-x86_64, r-oldrel-macos-x86_64