CRAN Package Check Results for Package spatialfusion

Last updated on 2023-06-01 10:58:30 CEST.

Flavor Version Tinstall Tcheck Ttotal Status Flags
r-devel-linux-x86_64-debian-clang 0.6-6 14.58 134.46 149.04 NOTE
r-devel-linux-x86_64-debian-gcc 0.6-6 13.45 103.60 117.05 NOTE
r-devel-linux-x86_64-fedora-clang 0.6-6 195.27 OK
r-devel-linux-x86_64-fedora-gcc 0.6-6 192.85 OK
r-devel-windows-x86_64 0.6-6 15.00 112.00 127.00 NOTE
r-patched-linux-x86_64 0.6-6 NOTE
r-release-linux-x86_64 0.6-6 10.05 130.14 140.19 NOTE
r-release-macos-arm64 0.6-6 64.00 NOTE
r-release-macos-x86_64 0.6-6 99.00 NOTE
r-release-windows-x86_64 0.6-6 18.00 135.00 153.00 NOTE
r-oldrel-macos-arm64 0.6-6 45.00 NOTE
r-oldrel-macos-x86_64 0.6-6 76.00 NOTE
r-oldrel-windows-x86_64 0.6-6 19.00 137.00 156.00 NOTE

Check Details

Version: 0.6-6
Check: package dependencies
Result: NOTE
    Package suggested but not available for checking: ‘INLA’
Flavors: r-devel-linux-x86_64-debian-clang, r-devel-linux-x86_64-debian-gcc, r-devel-windows-x86_64, r-patched-linux-x86_64, r-release-linux-x86_64, r-release-macos-arm64, r-release-macos-x86_64, r-release-windows-x86_64, r-oldrel-macos-arm64, r-oldrel-macos-x86_64, r-oldrel-windows-x86_64