CRAN Package Check Results for Package spatialTIME

Last updated on 2022-11-30 10:51:51 CET.

Flavor Version Tinstall Tcheck Ttotal Status Flags
r-devel-linux-x86_64-debian-clang 1.2.2 8.10 387.65 395.75 OK
r-devel-linux-x86_64-debian-gcc 1.2.2 6.70 283.45 290.15 OK
r-devel-linux-x86_64-fedora-clang 1.2.2 464.20 NOTE
r-devel-linux-x86_64-fedora-gcc 1.2.2 486.20 NOTE
r-devel-windows-x86_64 1.2.2 30.00 432.00 462.00 OK
r-patched-linux-x86_64 1.2.2 7.98 353.04 361.02 OK
r-release-linux-x86_64 1.2.2 5.10 346.28 351.38 OK
r-release-macos-arm64 1.2.1 137.00 NOTE
r-release-macos-x86_64 1.2.2 217.00 NOTE
r-release-windows-x86_64 1.2.2 21.00 387.00 408.00 OK
r-oldrel-macos-arm64 1.2.1 120.00 NOTE
r-oldrel-macos-x86_64 1.2.2 215.00 NOTE
r-oldrel-windows-ix86+x86_64 1.2.2 15.00 485.00 500.00 OK

Check Details

Version: 1.2.2
Check: dependencies in R code
Result: NOTE
    Namespaces in Imports field not imported from:
     ‘gridExtra’ ‘pheatmap’
     All declared Imports should be used.
Flavors: r-devel-linux-x86_64-fedora-clang, r-devel-linux-x86_64-fedora-gcc, r-release-macos-x86_64, r-oldrel-macos-x86_64

Version: 1.2.1
Check: dependencies in R code
Result: NOTE
    Namespaces in Imports field not imported from:
     ‘gridExtra’ ‘pheatmap’ ‘stats’ ‘viridis’
     All declared Imports should be used.
Flavors: r-release-macos-arm64, r-oldrel-macos-arm64