CRAN Package Check Results for Package sparseinv

Last updated on 2022-01-17 09:56:12 CET.

Flavor Version Tinstall Tcheck Ttotal Status Flags
r-devel-linux-x86_64-debian-clang 0.1.3 22.36 86.36 108.72 NOTE
r-devel-linux-x86_64-debian-gcc 0.1.3 18.15 66.71 84.86 NOTE
r-devel-linux-x86_64-fedora-clang 0.1.3 147.55 NOTE
r-devel-linux-x86_64-fedora-gcc 0.1.3 128.26 NOTE
r-devel-windows-x86_64-new-UL 0.1.3 60.00 123.00 183.00 NOTE
r-devel-windows-x86_64-new-TK 0.1.3 NOTE
r-patched-linux-x86_64 0.1.3 23.58 84.23 107.81 NOTE
r-release-linux-x86_64 0.1.3 NOTE
r-release-macos-arm64 0.1.3 NOTE
r-release-macos-x86_64 0.1.3 NOTE
r-release-windows-ix86+x86_64 0.1.3 69.00 144.00 213.00 NOTE
r-oldrel-macos-x86_64 0.1.3 OK
r-oldrel-windows-ix86+x86_64 0.1.3 72.00 144.00 216.00 OK

Check Details

Version: 0.1.3
Check: LazyData
Result: NOTE
     'LazyData' is specified without a 'data' directory
Flavors: r-devel-linux-x86_64-debian-clang, r-devel-linux-x86_64-debian-gcc, r-devel-linux-x86_64-fedora-clang, r-devel-linux-x86_64-fedora-gcc, r-devel-windows-x86_64-new-UL, r-devel-windows-x86_64-new-TK, r-patched-linux-x86_64, r-release-linux-x86_64, r-release-macos-arm64, r-release-macos-x86_64, r-release-windows-ix86+x86_64