Last updated on 2022-05-28 10:50:57 CEST.
Flavor | Version | Tinstall | Tcheck | Ttotal | Status | Flags |
---|---|---|---|---|---|---|
r-devel-linux-x86_64-debian-clang | 1.7.6 | 35.54 | 197.92 | 233.46 | OK | |
r-devel-linux-x86_64-debian-gcc | 1.7.6 | 30.09 | 145.80 | 175.89 | OK | |
r-devel-linux-x86_64-fedora-clang | 1.7.6 | 233.36 | NOTE | |||
r-devel-linux-x86_64-fedora-gcc | 1.7.6 | 223.59 | OK | |||
r-devel-windows-x86_64 | 1.7.6 | 135.00 | 163.00 | 298.00 | NOTE | |
r-patched-linux-x86_64 | 1.7.5 | 45.64 | 183.18 | 228.82 | OK | |
r-release-linux-x86_64 | 1.7.5 | 31.34 | 183.52 | 214.86 | OK | |
r-release-macos-arm64 | 1.7.6 | 96.00 | NOTE | |||
r-release-macos-x86_64 | 1.7.5 | 135.00 | NOTE | |||
r-release-windows-x86_64 | 1.7.5 | 547.00 | 208.00 | 755.00 | NOTE | |
r-oldrel-macos-arm64 | 1.7.6 | 84.00 | NOTE | |||
r-oldrel-macos-x86_64 | 1.7.5 | 94.00 | NOTE | |||
r-oldrel-windows-ix86+x86_64 | 1.7.5 | 66.00 | 209.00 | 275.00 | NOTE |
Version: 1.7.6
Check: package dependencies
Result: NOTE
Imports includes 29 non-default packages.
Importing from so many packages makes the package vulnerable to any of
them becoming unavailable. Move as many as possible to Suggests and
use conditionally.
Flavor: r-devel-linux-x86_64-fedora-clang
Version: 1.7.6
Check: installed package size
Result: NOTE
installed size is 6.3Mb
sub-directories of 1Mb or more:
R 1.6Mb
java 3.4Mb
Flavors: r-devel-linux-x86_64-fedora-clang, r-devel-windows-x86_64, r-release-macos-arm64, r-oldrel-macos-arm64
Version: 1.7.5
Check: installed package size
Result: NOTE
installed size is 6.2Mb
sub-directories of 1Mb or more:
R 1.5Mb
java 3.4Mb
Flavors: r-release-macos-x86_64, r-release-windows-x86_64, r-oldrel-macos-x86_64, r-oldrel-windows-ix86+x86_64
Version: 1.7.5
Check: dependencies in R code
Result: NOTE
Namespace in Imports field not imported from: ‘lifecycle’
All declared Imports should be used.
Flavors: r-release-macos-x86_64, r-oldrel-macos-x86_64