CRAN Package Check Results for Package spanel

Last updated on 2021-11-27 10:52:20 CET.

Flavor Version Tinstall Tcheck Ttotal Status Flags
r-devel-linux-x86_64-debian-clang 0.1 NOTE
r-devel-linux-x86_64-debian-gcc 0.1 1.66 17.09 18.75 NOTE
r-devel-linux-x86_64-fedora-clang 0.1 40.82 NOTE
r-devel-linux-x86_64-fedora-gcc 0.1 29.23 NOTE
r-devel-windows-x86_64-new-UL 0.1 6.00 51.00 57.00 NOTE
r-devel-windows-x86_64-new-TK 0.1 NOTE
r-devel-windows-x86_64-old 0.1 4.00 29.00 33.00 NOTE
r-patched-linux-x86_64 0.1 2.04 20.78 22.82 NOTE
r-patched-solaris-x86 0.1 47.30 NOTE
r-release-linux-x86_64 0.1 NOTE
r-release-macos-arm64 0.1 NOTE
r-release-macos-x86_64 0.1 NOTE
r-release-windows-ix86+x86_64 0.1 5.00 29.00 34.00 NOTE
r-oldrel-macos-x86_64 0.1 NOTE
r-oldrel-windows-ix86+x86_64 0.1 5.00 26.00 31.00 NOTE

Check Details

Version: 0.1
Check: R code for possible problems
Result: NOTE
    hausman: no visible global function definition for 'pchisq'
    span.formula: no visible global function definition for 'model.frame'
    span.formula: no visible global function definition for 'model.matrix'
    span.formula: no visible global function definition for
     'model.response'
    spbe: no visible global function definition for 'cor'
    spbe: no visible global function definition for 'pt'
    spfe: no visible global function definition for 'cor'
    spfe: no visible global function definition for 'pt'
    sprandom: no visible global function definition for 'cor'
    sprandom: no visible global function definition for 'pt'
    summary.span: no visible global function definition for 'printCoefmat'
    Undefined global functions or variables:
     cor model.frame model.matrix model.response pchisq printCoefmat pt
    Consider adding
     importFrom("stats", "cor", "model.frame", "model.matrix",
     "model.response", "pchisq", "printCoefmat", "pt")
    to your NAMESPACE file.
Flavors: r-devel-linux-x86_64-debian-clang, r-devel-linux-x86_64-debian-gcc, r-devel-linux-x86_64-fedora-clang, r-devel-linux-x86_64-fedora-gcc, r-devel-windows-x86_64-new-UL, r-devel-windows-x86_64-new-TK, r-devel-windows-x86_64-old, r-patched-linux-x86_64, r-patched-solaris-x86, r-release-linux-x86_64, r-release-macos-arm64, r-release-macos-x86_64, r-release-windows-ix86+x86_64, r-oldrel-macos-x86_64, r-oldrel-windows-ix86+x86_64