CRAN Package Check Results for Package sos

Last updated on 2022-07-06 10:54:43 CEST.

Flavor Version Tinstall Tcheck Ttotal Status Flags
r-devel-linux-x86_64-debian-clang 2.1-4 3.36 191.05 194.41 OK
r-devel-linux-x86_64-debian-gcc 2.1-4 2.81 134.10 136.91 OK
r-devel-linux-x86_64-fedora-clang 2.1-4 176.94 OK
r-devel-linux-x86_64-fedora-gcc 2.1-4 175.56 OK
r-devel-windows-x86_64 2.1-4 19.00 370.00 389.00 OK
r-patched-linux-x86_64 2.1-4 4.05 180.48 184.53 OK
r-release-linux-x86_64 2.1-4 3.43 177.09 180.52 OK
r-release-macos-arm64 2.1-4 1266.00 OK
r-release-macos-x86_64 2.1-4 1803.00 NOTE
r-release-windows-x86_64 2.1-4 15.00 377.00 392.00 OK
r-oldrel-macos-arm64 1803.00 FAIL
r-oldrel-macos-x86_64 2.1-4 1802.00 NOTE
r-oldrel-windows-ix86+x86_64 2.1-4 8.00 342.00 350.00 OK

Check Details

Version: 2.1-4
Check: re-building of vignette outputs
Result: NOTE
    Error(s) in re-building vignettes:
     ...
    --- re-building ‘sos.Rnw’ using Sweave
    Loading required package: brew
    
    Attaching package: 'sos'
    
    The following object is masked from 'package:utils':
    
     ?
    
    Warning in readLines(f) :
     incomplete final line found on '/Volumes/Builds/packages/high-sierra-x86_64/Rlib/4.2/cosso/INDEX'
    
    Execution halted
    
    * checking PDF version of manual ...* using check arguments '--no-clean-on-error '
Flavor: r-release-macos-x86_64

Version: 2.1-4
Check: running R code from vignettes
Result: FAIL
Flavor: r-oldrel-macos-arm64

Version: 2.1-4
Check: re-building of vignette outputs
Result: NOTE
    Error(s) in re-building vignettes:
     ...
    --- re-building ‘sos.Rnw’ using Sweave
    Loading required package: brew
    
    Attaching package: 'sos'
    
    The following object is masked from 'package:utils':
    
     ?
    
    
    Execution halted
    
    * checking PDF version of manual ...* using check arguments '--no-clean-on-error '
Flavor: r-oldrel-macos-x86_64