CRAN Package Check Results for Package som

Last updated on 2021-11-27 10:52:20 CET.

Flavor Version Tinstall Tcheck Ttotal Status Flags
r-devel-linux-x86_64-debian-clang 0.3-5.1 OK
r-devel-linux-x86_64-debian-gcc 0.3-5.1 3.30 19.67 22.97 OK
r-devel-linux-x86_64-fedora-clang 0.3-5.1 48.07 NOTE
r-devel-linux-x86_64-fedora-gcc 0.3-5.1 35.83 NOTE
r-devel-windows-x86_64-new-UL 0.3-5.1 15.00 72.00 87.00 OK
r-devel-windows-x86_64-new-TK 0.3-5.1 OK
r-devel-windows-x86_64-old 0.3-5.1 7.00 39.00 46.00 OK
r-patched-linux-x86_64 0.3-5.1 4.16 23.67 27.83 OK
r-patched-solaris-x86 0.3-5.1 56.70 OK
r-release-linux-x86_64 0.3-5.1 OK
r-release-macos-arm64 0.3-5.1 OK
r-release-macos-x86_64 0.3-5.1 OK
r-release-windows-ix86+x86_64 0.3-5.1 12.00 45.00 57.00 OK
r-oldrel-macos-x86_64 0.3-5.1 OK
r-oldrel-windows-ix86+x86_64 0.3-5.1 10.00 45.00 55.00 OK

Check Details

Version: 0.3-5.1
Check: compiled code
Result: NOTE
    File ‘som/libs/som.so’:
     Found no calls to: ‘R_registerRoutines’, ‘R_useDynamicSymbols’
    
    It is good practice to register native routines and to disable symbol
    search.
    
    See ‘Writing portable packages’ in the ‘Writing R Extensions’ manual.
Flavors: r-devel-linux-x86_64-fedora-clang, r-devel-linux-x86_64-fedora-gcc