CRAN Package Check Results for Package snowFT

Last updated on 2021-12-03 10:51:06 CET.

Flavor Version Tinstall Tcheck Ttotal Status Flags
r-devel-linux-x86_64-debian-clang 1.6-0 2.82 18.86 21.68 OK
r-devel-linux-x86_64-debian-gcc 1.6-0 2.21 14.72 16.93 OK
r-devel-linux-x86_64-fedora-clang 1.6-0 54.97 OK
r-devel-linux-x86_64-fedora-gcc 1.6-0 42.66 OK
r-devel-windows-x86_64-new-UL 1.6-0 7.00 70.00 77.00 OK
r-devel-windows-x86_64-new-TK 1.6-0 OK
r-devel-windows-x86_64-old 1.6-0 6.00 47.00 53.00 OK
r-patched-linux-x86_64 1.6-0 3.14 17.24 20.38 OK
r-patched-solaris-x86 1.6-0 84.30 OK
r-release-linux-x86_64 1.6-0 2.73 17.61 20.34 OK
r-release-macos-arm64 1.6-0 NOTE
r-release-macos-x86_64 1.6-0 NOTE
r-release-windows-ix86+x86_64 1.6-0 4.00 43.00 47.00 OK
r-oldrel-macos-x86_64 1.6-0 NOTE
r-oldrel-windows-ix86+x86_64 1.6-0 5.00 63.00 68.00 OK

Check Details

Version: 1.6-0
Check: package dependencies
Result: NOTE
    Package suggested but not available for checking: ‘Rmpi’
Flavors: r-release-macos-arm64, r-release-macos-x86_64, r-oldrel-macos-x86_64